e number?
True
Is 136519813 a composite number?
False
Is 726331 a composite number?
False
Is 1030889 composite?
False
Is 9909311 composite?
True
Is 11076613 a prime number?
False
Is 25335881 a prime number?
True
Is 5264243 prime?
False
Is 6065329 a prime number?
True
Is 131300927 composite?
False
Is 73469603 a composite number?
False
Is 827072327 composite?
False
Is 3112051 composite?
True
Is 689473 composite?
True
Is 3851749 a prime number?
False
Is 10531429 composite?
False
Is 27151945 a prime number?
False
Is 1690841 a prime number?
False
Is 25892831 a composite number?
True
Is 6852421 prime?
True
Is 69437 a composite number?
True
Is 8429329 composite?
False
Is 25336967 composite?
False
Is 25046643 composite?
True
Is 1519289 a composite number?
True
Is 14636761 a composite number?
True
Is 7089701 a composite number?
False
Is 817013 composite?
False
Is 116466967 composite?
True
Is 1673821 a composite number?
True
Is 15569969 prime?
False
Is 207054281 a prime number?
False
Is 8181751 a prime number?
True
Is 370657509 a prime number?
False
Is 27017831 a prime number?
True
Is 31027985 prime?
False
Is 229502563 composite?
False
Is 544882651 a prime number?
True
Is 10855979 prime?
False
Is 17669929 composite?
False
Is 114365621 composite?
True
Is 227663781 a composite number?
True
Is 71311633 a prime number?
False
Is 2090939 prime?
False
Is 23502823 a composite number?
True
Is 15018691 a composite number?
False
Is 128743621 prime?
True
Is 407057 prime?
False
Is 1637407 a composite number?
False
Is 36965231 a composite number?
True
Is 17171351 composite?
False
Is 31352879 composite?
True
Is 186894053 composite?
False
Is 21052841 prime?
True
Is 42085769 composite?
True
Is 509108359 a composite number?
True
Is 504902701 a composite number?
True
Is 445017907 prime?
False
Is 59866771 a prime number?
True
Is 33554077 a prime number?
True
Is 592741 composite?
False
Is 4138327 a prime number?
False
Is 19786667 composite?
False
Is 35118773 prime?
True
Is 2032871 prime?
False
Is 3604397 prime?
False
Is 16564391 a prime number?
True
Is 69737 composite?
False
Is 16321373 prime?
True
Is 20325437 a prime number?
False
Is 100206409 prime?
True
Is 70193987 prime?
False
Is 13497019 a prime number?
False
Is 43062053 prime?
True
Is 206174329 prime?
True
Is 23728867 a prime number?
True
Is 10704835 composite?
True
Is 735751 a prime number?
True
Is 4534501 prime?
True
Is 22727605 a prime number?
False
Is 119353667 prime?
True
Is 1445278517 a composite number?
False
Is 12100793 composite?
False
Is 4127051 composite?
True
Is 1493513 a prime number?
False
Is 783830129 a composite number?
False
Is 354852035 a prime number?
False
Is 384976949 prime?
False
Is 4358945 a prime number?
False
Is 90715033 composite?
False
Is 57638801 a prime number?
False
Is 42534605 composite?
True
Is 1255150007 a prime number?
True
Is 60817181 a prime number?
False
Is 11125817 a prime number?
False
Is 220493221 a prime number?
False
Is 4511541 a prime number?
False
Is 27515989 a composite number?
False
Is 28870927 composite?
False
Is 2291459 a prime number?
True
Is 475357133 composite?
True
Is 145841947 prime?
False
Is 22610167 composite?
False
Is 189608281 a prime number?
True
Is 10206155 composite?
True
Is 75503869 composite?
True
Is 64804489 composite?
True
Is 186646909 composite?
True
Is 2470417 prime?
True
Is 2030683 a composite number?
False
Is 793927 prime?
True
Is 5395057 composite?
False
Is 2179973 prime?
False
Is 25899799 prime?
False
Is 1628257 a prime number?
False
Is 3062701 composite?
True
Is 3302459 a prime number?
True
Is 2882923 composite?
False
Is 257437 a prime number?
True
Is 48997 prime?
False
Is 400437991 prime?
True
Is 1347571 a prime number?
False
Is 12111779 composite?
False
Is 7827 prime?
False
Is 138254329 a composite number?
True
Is 207456569 prime?
True
Is 27514009 a prime number?
True
Is 1353167 composite?
True
Is 62533 prime?
True
Is 169377547 a composite number?
False
Is 8887 a composite number?
False
Is 1742579 prime?
True
Is 11987249 a composite number?
False
Is 50428669 a composite number?
True
Is 77038727 a prime number?
False
Is 539809 composite?
True
Is 108907033 a composite number?
False
Is 141783229 composite?
True
Is 3673919 a composite number?
False
Is 80114847 prime?
False
Is 2478082 prime?
False
Is 3212683 composite?
True
Is 30447619 a prime number?
True
Is 487274597 composite?
False
Is 114585839 prime?
False
Is 222572489 a composite number?
False
Is 550640531 composite?
True
Is 37467743 composite?
True
Is 25703381 composite?
True
Is 1341569 a prime number?
False
Is 1956937 prime?
False
Is 4178129 a prime number?
True
Is 13068833 composite?
False
Is 353762457 composite?
True
Is 174537641 prime?
True
Is 263563511 a prime number?
False
Is 41376143 a composite number?
False
Is 724964353 prime?
True
Is 77126437 a composite number?
False
Is 16729 a prime number?
True
Is 274345 composite?
True
Is 14207513 a prime number?
False
Is 13972811 composite?
False
Is 1058384161 prime?
True
Is 74161931 a composite number?
False
Is 239644829 a composite number?
True
Is 1547339 composite?
False
Is 35920037 composite?
True
Is 110786759 a composite number?
False
Is 31487831 prime?
False
Is 28293365 composite?
True
Is 2649257 composite?
True
Is 680255647 a prime number?
True
Is 3624431 composite?
False
Is 3171617 a prime number?
False
Is 11956177 prime?
True
Is 62644009 a prime number?
True
Is 1399459 prime?
False
Is 193118483 a prime number?
True
Is 688901 a composite number?
True
Is 9928939 composite?
True
Is 283303 composite?
False
Is 7718449 a composite number?
False
Is 75122737 composite?
True
Is 3633481 a composite number?
True
Is 77572177 prime?
True
Is 95676839 prime?
False
Is 357419 prime?
False
Is 75992729 a composite number?
True
Is 1583965 a prime number?
False
Is 130146823 a prime number?
True
Is 3300221 a composite number?
True
Is 747449 prime?
True
Is 120944209 a prime number?
True
Is 60629677 composite?
False
Is 273568089 prime?
False
Is 2467583 a prime number?
False
Is 7916041 a composite number?
True
Is 8380417 composite?
False
Is 7037267 a prime number?
True
Is 52368051 a prime number?
False
Is 3612599 a composite number?
True
Is 36341 a prime number?
True
Is 539978213 a prime number?
False
Is 1173311 a composite number?
True
Is 8856373 composite?
True
Is 4310693 composite?
False
Is 112854485 prime?
False
Is 10214027 a prime number?
True
Is 40153261 a prime number?
False
Is 5562542 prime?
False
Is 18138959 composite?
False
Is 43391 composite?
False
Is 185916343 composite?
True
Is 28250759 a composite number?
True
Is 26219309 a composite number?
False
Is 4214503 a prime number?
True
Is 17524259 a prime number?
True
Is 42509717 prime?
True
Is 311067767 a composite number?
False
Is 37357 a composite number?
False
Is 513749 composite?
False
Is 149278655 a composite number?
True
Is 22221737 composite?
True
Is 9791237 prime?
False
Is 48162721 composite?
False
Is 5020337 composite?
True
Is 12288905 a composite number?
True
Is 1400019 prime?
False
Is 3980657 prime?
True
Is 4941977 a prime number?
False
Is 142885321 composite?
False
Is 1101049 a prime number?
False
Is 11322163 composite?
False
Is 2356043 a prime number?
True
Is 1466203 prime?
True
Is 7996829 composite?
True
Is 763624571 a prime number?
True
Is 20838043 prime?
True
Is 14558197 a composite number?
False
Is 921559 composite?
True
Is 9371387 a composite number?
False
Is 8609 composite?
False
Is 75885721 composite?
True
Is 273954139 prime?
False
Is 2326831 a prime number?
False
Is 5395849 composite?
True
Is 192147199 a prime number?
True
Is 10791593 composite?
True
Is 901798 a prime number?
False
Is 186400433 composite?
False
Is 84142541 prime?
False
Is 120814917 a prime number?
False
Is 8558699 prime?
False
Is 9044801 a composite number?
False
Is 389687 a composite number?
False
Is 11795783 composite?
False
Is 41328019 a composite number?
True
Is 126667661 a composite number?
True
Is 24807 prime?
False
Is 79414099 composite?
True
Is 173027429 composite?
True
Is 3680627 a prime number?
True
Is 89088499 a prime number?
False
Is 530923 composite?
True
Is 25298795 a prime number?
False
Is 25621237 composite?
False
Is 1457783 composite?
False
Is 1403621 prime?
False
Is 2480497 prime?
True
Is 13828